{"id":431,"date":"2018-07-27T10:22:26","date_gmt":"2018-07-27T10:22:26","guid":{"rendered":"https:\/\/las15arrobas.com\/?page_id=431"},"modified":"2023-07-21T07:21:15","modified_gmt":"2023-07-21T07:21:15","slug":"politica-de-privacidad","status":"publish","type":"page","link":"https:\/\/las15arrobas.com\/?page_id=431","title":{"rendered":"POL\u00cdTICA DE PRIVACIDAD"},"content":{"rendered":"<p>La presente pol\u00edtica de privacidad se aplica al tratamiento de los datos personales de los clientes y\/o usuarios del sitio web <a href=\"http:\/\/www.montesierra.es\">www.las15arrobas.com<\/a> cuyo responsable del tratamiento de datos es MONTESIERRA, S.A.<\/p>\n<p><strong>CONFIDENCIALIDAD Y PROTECCI\u00d3N DE DATOS<\/strong><\/p>\n<p>La presente Pol\u00edtica de Privacidad tiene por objeto facilitar informaci\u00f3n sobre los derechos que le asisten en virtud de lo establecido en el REGLAMENTO (UE) 2016\/679 DEL PARLAMENTO EUROPEO y del CONSEJO, de 27 de abril de 2016, relativo a la protecci\u00f3n de las personas f\u00edsicas en lo que respecta al tratamiento de datos personales y a la libre circulaci\u00f3n de estos datos y por el que se deroga la Directiva 95\/46\/CE (Reglamento general de protecci\u00f3n de datos) y la LO 3\/2018. La informaci\u00f3n sobre sus datos de car\u00e1cter personal, seg\u00fan el art\u00edculo 13 de la secci\u00f3n 2 del citado reglamento y la LO 3\/2018.<\/p>\n<p>Al facilitarnos sus datos, el cliente y\/o usuario declara haber le\u00eddo y conocer la presente Pol\u00edtica de Privacidad, prestando su consentimiento inequ\u00edvoco y expreso al tratamiento de sus datos personales de acuerdo a las finalidades y t\u00e9rminos aqu\u00ed expresados.<\/p>\n<p>MONTESIERRA, S.A. podr\u00e1 modificar la presente Pol\u00edtica de Privacidad para adaptarla a las novedades legislativas, jurisprudenciales o de interpretaci\u00f3n de la Agencia Espa\u00f1ola de Protecci\u00f3n de Datos. Estas condiciones de privacidad podr\u00e1n ser complementadas por el Aviso Legal, Pol\u00edtica de Cookies y las Condiciones Generales que, en su caso, se recojan para determinados productos o servicios, si dicho acceso supone alguna especialidad en materia de protecci\u00f3n de datos de car\u00e1cter personal.<\/p>\n<p><strong>INFORMACI\u00d3N B\u00c1SICA SOBRE PROTECCI\u00d3N DE DATOS<\/strong><\/p>\n<p><strong>\u00a0<\/strong><\/p>\n<table width=\"699\">\n<tbody>\n<tr>\n<td colspan=\"2\" width=\"699\"><strong>INFORMACI\u00d3N B\u00c1SICA SOBRE PROTECCI\u00d3N DE DATOS<\/strong><\/td>\n<\/tr>\n<tr>\n<td width=\"153\">Sitio Web<\/td>\n<td width=\"546\">www.las15arrobas.com<\/td>\n<\/tr>\n<tr>\n<td width=\"153\">Titular del sitio web<\/td>\n<td width=\"546\">MONTESIERRA, S.A. <strong><em><u>+ info<\/u><\/em><\/strong><\/td>\n<\/tr>\n<tr>\n<td width=\"153\">Responsable tratamiento datos<\/td>\n<td width=\"546\">MONTESIERRA, S.A., en adelante \u201cla empresa\u201d <strong><em><u>+ info<\/u><\/em><\/strong><\/td>\n<\/tr>\n<tr>\n<td width=\"153\">Finalidad<\/td>\n<td width=\"546\">Gesti\u00f3n, estudio y resoluci\u00f3n de consultas efectuadas a trav\u00e9s de la web <strong><em><u>+ info<\/u><\/em><\/strong><\/td>\n<\/tr>\n<tr>\n<td width=\"153\">Legitimaci\u00f3n<\/td>\n<td width=\"546\">Consentimiento otorgado por el usuario<\/p>\n<p>Ejecuci\u00f3n de un contrato <strong><em><u>+ info<\/u><\/em><\/strong><\/td>\n<\/tr>\n<tr>\n<td width=\"153\">Edad legal consentimiento<\/td>\n<td width=\"546\">El Usuario certifica que es mayor de 14 a\u00f1os y que por lo tanto posee la capacidad legal necesaria para la prestaci\u00f3n del consentimiento en cuanto al tratamiento de sus datos de car\u00e1cter personal y todo ello, de conformidad con lo establecido en la presente Pol\u00edtica de Privacidad.<\/td>\n<\/tr>\n<tr>\n<td width=\"153\">Destinatarios<\/td>\n<td width=\"546\">Se comunicar\u00e1n datos a terceros para poder llevar a cabo las finalidades descritas en la presente pol\u00edtica de privacidad. En ning\u00fan caso se ceder\u00e1n datos a terceros para finalidades diferentes a las descritas en este documento.<\/td>\n<\/tr>\n<tr>\n<td width=\"153\">Derechos<\/td>\n<td width=\"546\">Acceder, rectificar y suprimir los datos, as\u00ed como otros derechos, como se explica en la informaci\u00f3n adicional.<\/td>\n<\/tr>\n<tr>\n<td width=\"153\">Informaci\u00f3n adicional<\/td>\n<td width=\"546\">Puede consultar la informaci\u00f3n adicional y detallada sobre Protecci\u00f3n de Datos pinchando aqu\u00ed <strong><em><u>+ info<\/u><\/em><\/strong><\/td>\n<\/tr>\n<\/tbody>\n<\/table>\n<p><strong>INFORMACI\u00d3N ADICIONAL SOBRE PROTECCI\u00d3N DE DATOS: <\/strong><\/p>\n<ul>\n<li><strong>&#8211; \u00bfQui\u00e9n es el titular de esta web?<\/strong><\/li>\n<\/ul>\n<table width=\"566\">\n<tbody>\n<tr>\n<td width=\"283\">Identidad<\/td>\n<td width=\"283\">MONTESIERRA, S.A. \u2013 CIF: A11604998<\/td>\n<\/tr>\n<tr>\n<td width=\"283\">Datos registrales<\/td>\n<td width=\"283\">Registro Mercantil de C\u00e1diz, tomo 229, folio 31, hoja CA 3366, inscripci\u00f3n 11\u00aa<\/td>\n<\/tr>\n<tr>\n<td width=\"283\">Direcci\u00f3n postal<\/td>\n<td width=\"283\">Avda. Juan Carlos I Rotonda, 4 \u2013 11406 Jerez de la Frontera (C\u00e1diz)<\/td>\n<\/tr>\n<tr>\n<td width=\"283\">Tel\u00e9fono<\/td>\n<td width=\"283\">956.343.295<\/td>\n<\/tr>\n<tr>\n<td width=\"283\">Correo electr\u00f3nico<\/td>\n<td width=\"283\">lopd@montesierra.es<\/td>\n<\/tr>\n<\/tbody>\n<\/table>\n<ul>\n<li><strong>&#8211; \u00bfQui\u00e9n es el responsable del tratamiento de sus datos de car\u00e1cter personal?<\/strong><\/li>\n<\/ul>\n<table width=\"566\">\n<tbody>\n<tr>\n<td width=\"283\">Identidad<\/td>\n<td width=\"283\">MONTESIERRA, S.A. \u2013 CIF: A11604998<\/td>\n<\/tr>\n<tr>\n<td width=\"283\">Datos registrales<\/td>\n<td width=\"283\">Registro Mercantil de C\u00e1diz, tomo 229, folio 31, hoja CA 3366, inscripci\u00f3n 11\u00aa<\/td>\n<\/tr>\n<tr>\n<td width=\"283\">Direcci\u00f3n postal<\/td>\n<td width=\"283\">Avda. Juan Carlos I Rotonda, 4 \u2013 11406 Jerez de la Frontera (C\u00e1diz)<\/td>\n<\/tr>\n<tr>\n<td width=\"283\">Tel\u00e9fono<\/td>\n<td width=\"283\">956.343.295<\/td>\n<\/tr>\n<tr>\n<td width=\"283\">Correo electr\u00f3nico<\/td>\n<td width=\"283\">lopd@montesierra.es<\/td>\n<\/tr>\n<\/tbody>\n<\/table>\n<p><strong>\u00a0<\/strong><\/p>\n<p><strong>\u00a0<\/strong><\/p>\n<ul>\n<li><strong>&#8211; \u00bfCon qu\u00e9 finalidad trataremos sus datos de car\u00e1cter personal y durante cu\u00e1nto tiempo los conservaremos?<\/strong><\/li>\n<\/ul>\n<ul>\n<li>La empresa tratar\u00e1 sus datos de car\u00e1cter personal exclusivamente para fines determinados, expl\u00edcitos y leg\u00edtimos, y no ser\u00e1n tratados de manera incompatible con dichos fines.<\/li>\n<\/ul>\n<table>\n<tbody>\n<tr>\n<td colspan=\"2\" width=\"566\"><strong>Finalidades<\/strong><\/td>\n<\/tr>\n<tr>\n<td width=\"283\">Finalidad 1: para todos los usuarios<\/td>\n<td width=\"283\">Gesti\u00f3n, estudio y resoluci\u00f3n de consultas efectuadas a trav\u00e9s de la web<\/td>\n<\/tr>\n<\/tbody>\n<\/table>\n<ul>\n<li>La empresa conservar\u00e1 sus datos de car\u00e1cter personal el tiempo necesario seg\u00fan la informaci\u00f3n facilitada y los plazos de conservaci\u00f3n recogidos en normativas que sean aplicables.<\/li>\n<\/ul>\n<p>MONTESIERRA, S.A. tratar\u00e1 los datos personales facilitados por los usuarios a trav\u00e9s de los formularios electr\u00f3nicos existentes en el sitio web <a href=\"http:\/\/www.montesierra.es\">www.las15arrobas.com<\/a> para los fines que se identifican a continuaci\u00f3n:<\/p>\n<ol>\n<li>En relaci\u00f3n con el \u201cFormulario contacto\u201d:<\/li>\n<\/ol>\n<p>Finalidad: Gesti\u00f3n, estudio y resoluci\u00f3n de las consultas efectuadas.<\/p>\n<p>Legitimaci\u00f3n: El consentimiento del interesado, que podr\u00e1 revocar en cualquier momento.<\/p>\n<ul>\n<li>Cuando los datos solicitados en los formularios electr\u00f3nicos sean necesarios para acceder a funcionalidades concretas del sitio web, MONTESIERRA, S.A indicar\u00e1 dicho car\u00e1cter obligatorio en el momento de la recogida de datos del Usuario y no facilitarlos implicar\u00e1 que no pueda atenderse la solicitud correspondiente.<\/li>\n<\/ul>\n<ul>\n<li><strong>&#8211; \u00bfA qu\u00e9 destinatarios se comunicar\u00e1n sus datos?<\/strong><\/li>\n<\/ul>\n<p>Le informamos de que no cedemos sus datos personales a terceros salvo obligaci\u00f3n legal, sin embargo, podr\u00e1n tener acceso a sus datos personales los encargados de tratamiento de la Empresa, es decir, aquellos prestadores de servicios que tengan que acceder a sus datos para el desarrollo de sus funciones. Los prestadores de servicios que acceden a sus datos personales, con car\u00e1cter general, se dedican a los sistemas de la informaci\u00f3n y tecnolog\u00eda.<\/p>\n<ul>\n<li>No est\u00e1 prevista la realizaci\u00f3n de transferencias de datos a terceros pa\u00edses.<\/li>\n<\/ul>\n<ul>\n<li><strong>&#8211; \u00bfCu\u00e1les son sus derechos cuando nos facilita sus datos? <\/strong><\/li>\n<\/ul>\n<p>Cualquier persona tiene derecho a obtener confirmaci\u00f3n sobre si en la empresa estamos tratando datos personales que les conciernan, o no.<\/p>\n<p>En concreto, puede usted dirigirse a la empresa a su direcci\u00f3n postal o bien a la direcci\u00f3n de email facilitada en el presente documento con la finalidad de ejercer los siguientes derechos:<\/p>\n<ul>\n<li>Derecho a solicitar el acceso a los datos personales relativos al interesado.<\/li>\n<li>Derecho a solicitar su rectificaci\u00f3n o supresi\u00f3n.<\/li>\n<li>Derecho a solicitar la limitaci\u00f3n de su tratamiento.<\/li>\n<li>Derecho a oponerse al tratamiento.<\/li>\n<li>Derecho a la portabilidad de los datos.<\/li>\n<\/ul>\n<p>Puede usted solicitar los formularios necesarios para el ejercicio de estos derechos enviando un correo electr\u00f3nico a la direcci\u00f3n de email facilitada en el presente documento.<\/p>\n<p>Dado el car\u00e1cter personal\u00edsimo del ejercicio de cualquiera de estos derechos usted deber\u00e1 adjuntar a la solicitud copia de su carnet de identidad o documento acreditativo equivalente.<\/p>\n<p>Puede usted dirigirse a la Agencia Espa\u00f1ola de protecci\u00f3n de Datos para obtener informaci\u00f3n adicional acerca de sus derechos o presentar una reclamaci\u00f3n ante la misma, especialmente cuando no haya obtenido satisfacci\u00f3n en el ejercicio de sus derechos, obteniendo toda la informaci\u00f3n necesaria para ello a trav\u00e9s de la web <a href=\"http:\/\/www.agpd.es\">www.agpd.es<\/a><\/p>\n<ul>\n<li><strong>&#8211; \u00bfQu\u00e9 medidas de seguridad se aplican?<\/strong><\/li>\n<\/ul>\n<p><strong>\u00a0<\/strong><\/p>\n<p>MONTESIERRA, S.A adopta los niveles de seguridad requeridos por el RGPD adecuados a la naturaleza de los datos que son objeto de tratamiento en cada momento. No obstante lo anterior, el Usuario debe tener en cuenta que la seguridad de los sistemas no es inexpugnable y pueden existir actuaciones dolosas de terceros, si bien MONTESIERRA, S.A pone todos los medios a su alcance para evitar dichas actuaciones. Puede solicitar mayor informaci\u00f3n acerca de nuestras medidas de seguridad al email lopd@montesierra.es<\/p>\n","protected":false},"excerpt":{"rendered":"<p>La presente pol\u00edtica de privacidad se aplica al tratamiento de los datos personales de los clientes y\/o usuarios del sitio web www.las15arrobas.com cuyo responsable del tratamiento de datos es MONTESIERRA, S.A. CONFIDENCIALIDAD Y PROTECCI\u00d3N DE DATOS La presente Pol\u00edtica de Privacidad tiene por objeto facilitar informaci\u00f3n sobre los derechos que le asisten en virtud de [&hellip;]<\/p>\n","protected":false},"author":1,"featured_media":0,"parent":0,"menu_order":0,"comment_status":"open","ping_status":"open","template":"","meta":{"footnotes":""},"class_list":["post-431","page","type-page","status-publish","hentry"],"_links":{"self":[{"href":"https:\/\/las15arrobas.com\/index.php?rest_route=\/wp\/v2\/pages\/431","targetHints":{"allow":["GET"]}}],"collection":[{"href":"https:\/\/las15arrobas.com\/index.php?rest_route=\/wp\/v2\/pages"}],"about":[{"href":"https:\/\/las15arrobas.com\/index.php?rest_route=\/wp\/v2\/types\/page"}],"author":[{"embeddable":true,"href":"https:\/\/las15arrobas.com\/index.php?rest_route=\/wp\/v2\/users\/1"}],"replies":[{"embeddable":true,"href":"https:\/\/las15arrobas.com\/index.php?rest_route=%2Fwp%2Fv2%2Fcomments&post=431"}],"version-history":[{"count":2,"href":"https:\/\/las15arrobas.com\/index.php?rest_route=\/wp\/v2\/pages\/431\/revisions"}],"predecessor-version":[{"id":473,"href":"https:\/\/las15arrobas.com\/index.php?rest_route=\/wp\/v2\/pages\/431\/revisions\/473"}],"wp:attachment":[{"href":"https:\/\/las15arrobas.com\/index.php?rest_route=%2Fwp%2Fv2%2Fmedia&parent=431"}],"curies":[{"name":"wp","href":"https:\/\/api.w.org\/{rel}","templated":true}]}}